{"id":9,"date":"2018-05-13T06:39:49","date_gmt":"2018-05-13T03:39:49","guid":{"rendered":"http:\/\/eelim.fi\/?page_id=9"},"modified":"2025-09-03T09:48:17","modified_gmt":"2025-09-03T06:48:17","slug":"ota-yhteytta","status":"publish","type":"page","link":"https:\/\/eelim.fi\/index.php\/ota-yhteytta\/","title":{"rendered":"Ota yhteytt\u00e4"},"content":{"rendered":"<p>T\u00e4st\u00e4 l\u00f6yd\u00e4t yhteystietomme:<\/p>\n<p>0400 626 074 \u00a0\/ Teemu Turunen pastori<\/p>\n<p>044 527 0198 \/ talonmies<\/p>\n<p>045 246 4994 \/ Eero Haarala hallituksen pj.<\/p>\n<p>Osoite:<br \/>\nKimarintie 5\u00a0\u00a0\u00a0 51200 Kangasniemi<br \/>\ns-posti: toimisto@eelim.fi. Henkil\u00f6kohtaiset s\u00e4hk\u00f6postit muodossa etunimi.sukunimi@eelim.fi<\/p>\n<p>Seurakunnan tilinumero:\u00a0FI62 5105 0620 0312 55<\/p>\n<p>Viitteet: Srk-ty\u00f6 3052, l\u00e4hetysty\u00f6 3065, lapsi- ja nuorisoty\u00f6 3078, vankilaty\u00f6 3081, diakonia 3094<\/p>\n<p>&nbsp;<\/p>\n<p>&nbsp;<\/p>\n<p>&nbsp;<\/p>\n","protected":false},"excerpt":{"rendered":"<p>T\u00e4st\u00e4 l\u00f6yd\u00e4t yhteystietomme: 0400 626 074 \u00a0\/ Teemu Turunen pastori 044 527 0198 \/ talonmies 045 246 4994 \/ Eero Haarala hallituksen pj. Osoite: Kimarintie 5\u00a0\u00a0\u00a0 51200 Kangasniemi s-posti: toimisto@eelim.fi. &hellip; <\/p>\n<p class=\"link-more\"><a href=\"https:\/\/eelim.fi\/index.php\/ota-yhteytta\/\" class=\"more-link\">Jatka lukemista<span class=\"screen-reader-text\"> &#8221;Ota yhteytt\u00e4&#8221;<\/span><\/a><\/p>\n","protected":false},"author":7,"featured_media":44,"parent":0,"menu_order":0,"comment_status":"closed","ping_status":"closed","template":"","meta":{"_monsterinsights_skip_tracking":false,"_monsterinsights_sitenote_active":false,"_monsterinsights_sitenote_note":"","_monsterinsights_sitenote_category":0,"footnotes":""},"class_list":["post-9","page","type-page","status-publish","has-post-thumbnail","hentry"],"yoast_head":"<!-- This site is optimized with the Yoast SEO plugin v25.9 - https:\/\/yoast.com\/wordpress\/plugins\/seo\/ -->\n<title>Ota yhteytt\u00e4 - Eelim<\/title>\n<meta name=\"robots\" content=\"index, follow, max-snippet:-1, max-image-preview:large, max-video-preview:-1\" \/>\n<link rel=\"canonical\" href=\"https:\/\/eelim.fi\/index.php\/ota-yhteytta\/\" \/>\n<meta property=\"og:locale\" content=\"fi_FI\" \/>\n<meta property=\"og:type\" content=\"article\" \/>\n<meta property=\"og:title\" content=\"Ota yhteytt\u00e4 - Eelim\" \/>\n<meta property=\"og:description\" content=\"T\u00e4st\u00e4 l\u00f6yd\u00e4t yhteystietomme: 0400 626 074 \u00a0\/ Teemu Turunen pastori 044 527 0198 \/ talonmies 045 246 4994 \/ Eero Haarala hallituksen pj. Osoite: Kimarintie 5\u00a0\u00a0\u00a0 51200 Kangasniemi s-posti: toimisto@eelim.fi. &hellip; Jatka lukemista &quot;Ota yhteytt\u00e4&quot;\" \/>\n<meta property=\"og:url\" content=\"https:\/\/eelim.fi\/index.php\/ota-yhteytta\/\" \/>\n<meta property=\"og:site_name\" content=\"Eelim\" \/>\n<meta property=\"article:modified_time\" content=\"2025-09-03T06:48:17+00:00\" \/>\n<meta property=\"og:image\" content=\"https:\/\/eelim.fi\/wp-content\/uploads\/2018\/05\/pavan-trikutam-1660-unsplash-e1526183216900.jpg\" \/>\n\t<meta property=\"og:image:width\" content=\"1285\" \/>\n\t<meta property=\"og:image:height\" content=\"857\" \/>\n\t<meta property=\"og:image:type\" content=\"image\/jpeg\" \/>\n<meta name=\"twitter:card\" content=\"summary_large_image\" \/>\n<meta name=\"twitter:label1\" content=\"Arvioitu lukuaika\" \/>\n\t<meta name=\"twitter:data1\" content=\"1 minuutti\" \/>\n<script type=\"application\/ld+json\" class=\"yoast-schema-graph\">{\"@context\":\"https:\/\/schema.org\",\"@graph\":[{\"@type\":\"WebPage\",\"@id\":\"https:\/\/eelim.fi\/index.php\/ota-yhteytta\/\",\"url\":\"https:\/\/eelim.fi\/index.php\/ota-yhteytta\/\",\"name\":\"Ota yhteytt\u00e4 - Eelim\",\"isPartOf\":{\"@id\":\"https:\/\/eelim.fi\/#website\"},\"primaryImageOfPage\":{\"@id\":\"https:\/\/eelim.fi\/index.php\/ota-yhteytta\/#primaryimage\"},\"image\":{\"@id\":\"https:\/\/eelim.fi\/index.php\/ota-yhteytta\/#primaryimage\"},\"thumbnailUrl\":\"https:\/\/eelim.fi\/wp-content\/uploads\/2018\/05\/pavan-trikutam-1660-unsplash-e1526183216900.jpg\",\"datePublished\":\"2018-05-13T03:39:49+00:00\",\"dateModified\":\"2025-09-03T06:48:17+00:00\",\"breadcrumb\":{\"@id\":\"https:\/\/eelim.fi\/index.php\/ota-yhteytta\/#breadcrumb\"},\"inLanguage\":\"fi\",\"potentialAction\":[{\"@type\":\"ReadAction\",\"target\":[\"https:\/\/eelim.fi\/index.php\/ota-yhteytta\/\"]}]},{\"@type\":\"ImageObject\",\"inLanguage\":\"fi\",\"@id\":\"https:\/\/eelim.fi\/index.php\/ota-yhteytta\/#primaryimage\",\"url\":\"https:\/\/eelim.fi\/wp-content\/uploads\/2018\/05\/pavan-trikutam-1660-unsplash-e1526183216900.jpg\",\"contentUrl\":\"https:\/\/eelim.fi\/wp-content\/uploads\/2018\/05\/pavan-trikutam-1660-unsplash-e1526183216900.jpg\",\"width\":1285,\"height\":857},{\"@type\":\"BreadcrumbList\",\"@id\":\"https:\/\/eelim.fi\/index.php\/ota-yhteytta\/#breadcrumb\",\"itemListElement\":[{\"@type\":\"ListItem\",\"position\":1,\"name\":\"Home\",\"item\":\"https:\/\/eelim.fi\/\"},{\"@type\":\"ListItem\",\"position\":2,\"name\":\"Ota yhteytt\u00e4\"}]},{\"@type\":\"WebSite\",\"@id\":\"https:\/\/eelim.fi\/#website\",\"url\":\"https:\/\/eelim.fi\/\",\"name\":\"Eelim\",\"description\":\"Kangasniemen helluntaiseurakunta\",\"potentialAction\":[{\"@type\":\"SearchAction\",\"target\":{\"@type\":\"EntryPoint\",\"urlTemplate\":\"https:\/\/eelim.fi\/?s={search_term_string}\"},\"query-input\":{\"@type\":\"PropertyValueSpecification\",\"valueRequired\":true,\"valueName\":\"search_term_string\"}}],\"inLanguage\":\"fi\"}]}<\/script>\n<!-- \/ Yoast SEO plugin. -->","yoast_head_json":{"title":"Ota yhteytt\u00e4 - Eelim","robots":{"index":"index","follow":"follow","max-snippet":"max-snippet:-1","max-image-preview":"max-image-preview:large","max-video-preview":"max-video-preview:-1"},"canonical":"https:\/\/eelim.fi\/index.php\/ota-yhteytta\/","og_locale":"fi_FI","og_type":"article","og_title":"Ota yhteytt\u00e4 - Eelim","og_description":"T\u00e4st\u00e4 l\u00f6yd\u00e4t yhteystietomme: 0400 626 074 \u00a0\/ Teemu Turunen pastori 044 527 0198 \/ talonmies 045 246 4994 \/ Eero Haarala hallituksen pj. Osoite: Kimarintie 5\u00a0\u00a0\u00a0 51200 Kangasniemi s-posti: toimisto@eelim.fi. &hellip; Jatka lukemista \"Ota yhteytt\u00e4\"","og_url":"https:\/\/eelim.fi\/index.php\/ota-yhteytta\/","og_site_name":"Eelim","article_modified_time":"2025-09-03T06:48:17+00:00","og_image":[{"width":1285,"height":857,"url":"https:\/\/eelim.fi\/wp-content\/uploads\/2018\/05\/pavan-trikutam-1660-unsplash-e1526183216900.jpg","type":"image\/jpeg"}],"twitter_card":"summary_large_image","twitter_misc":{"Arvioitu lukuaika":"1 minuutti"},"schema":{"@context":"https:\/\/schema.org","@graph":[{"@type":"WebPage","@id":"https:\/\/eelim.fi\/index.php\/ota-yhteytta\/","url":"https:\/\/eelim.fi\/index.php\/ota-yhteytta\/","name":"Ota yhteytt\u00e4 - Eelim","isPartOf":{"@id":"https:\/\/eelim.fi\/#website"},"primaryImageOfPage":{"@id":"https:\/\/eelim.fi\/index.php\/ota-yhteytta\/#primaryimage"},"image":{"@id":"https:\/\/eelim.fi\/index.php\/ota-yhteytta\/#primaryimage"},"thumbnailUrl":"https:\/\/eelim.fi\/wp-content\/uploads\/2018\/05\/pavan-trikutam-1660-unsplash-e1526183216900.jpg","datePublished":"2018-05-13T03:39:49+00:00","dateModified":"2025-09-03T06:48:17+00:00","breadcrumb":{"@id":"https:\/\/eelim.fi\/index.php\/ota-yhteytta\/#breadcrumb"},"inLanguage":"fi","potentialAction":[{"@type":"ReadAction","target":["https:\/\/eelim.fi\/index.php\/ota-yhteytta\/"]}]},{"@type":"ImageObject","inLanguage":"fi","@id":"https:\/\/eelim.fi\/index.php\/ota-yhteytta\/#primaryimage","url":"https:\/\/eelim.fi\/wp-content\/uploads\/2018\/05\/pavan-trikutam-1660-unsplash-e1526183216900.jpg","contentUrl":"https:\/\/eelim.fi\/wp-content\/uploads\/2018\/05\/pavan-trikutam-1660-unsplash-e1526183216900.jpg","width":1285,"height":857},{"@type":"BreadcrumbList","@id":"https:\/\/eelim.fi\/index.php\/ota-yhteytta\/#breadcrumb","itemListElement":[{"@type":"ListItem","position":1,"name":"Home","item":"https:\/\/eelim.fi\/"},{"@type":"ListItem","position":2,"name":"Ota yhteytt\u00e4"}]},{"@type":"WebSite","@id":"https:\/\/eelim.fi\/#website","url":"https:\/\/eelim.fi\/","name":"Eelim","description":"Kangasniemen helluntaiseurakunta","potentialAction":[{"@type":"SearchAction","target":{"@type":"EntryPoint","urlTemplate":"https:\/\/eelim.fi\/?s={search_term_string}"},"query-input":{"@type":"PropertyValueSpecification","valueRequired":true,"valueName":"search_term_string"}}],"inLanguage":"fi"}]}},"_links":{"self":[{"href":"https:\/\/eelim.fi\/index.php\/wp-json\/wp\/v2\/pages\/9","targetHints":{"allow":["GET"]}}],"collection":[{"href":"https:\/\/eelim.fi\/index.php\/wp-json\/wp\/v2\/pages"}],"about":[{"href":"https:\/\/eelim.fi\/index.php\/wp-json\/wp\/v2\/types\/page"}],"author":[{"embeddable":true,"href":"https:\/\/eelim.fi\/index.php\/wp-json\/wp\/v2\/users\/7"}],"replies":[{"embeddable":true,"href":"https:\/\/eelim.fi\/index.php\/wp-json\/wp\/v2\/comments?post=9"}],"version-history":[{"count":38,"href":"https:\/\/eelim.fi\/index.php\/wp-json\/wp\/v2\/pages\/9\/revisions"}],"predecessor-version":[{"id":3488,"href":"https:\/\/eelim.fi\/index.php\/wp-json\/wp\/v2\/pages\/9\/revisions\/3488"}],"wp:featuredmedia":[{"embeddable":true,"href":"https:\/\/eelim.fi\/index.php\/wp-json\/wp\/v2\/media\/44"}],"wp:attachment":[{"href":"https:\/\/eelim.fi\/index.php\/wp-json\/wp\/v2\/media?parent=9"}],"curies":[{"name":"wp","href":"https:\/\/api.w.org\/{rel}","templated":true}]}}