{"id":3177,"date":"2024-12-03T12:11:11","date_gmt":"2024-12-03T10:11:11","guid":{"rendered":"https:\/\/eelim.fi\/?page_id=3177"},"modified":"2024-12-03T12:11:11","modified_gmt":"2024-12-03T10:11:11","slug":"vankilatyo","status":"publish","type":"page","link":"https:\/\/eelim.fi\/index.php\/vankilatyo\/","title":{"rendered":"Vankilaty\u00f6"},"content":{"rendered":"<p>Seurakuntamme tekee vankilaty\u00f6t\u00e4 kotimaassa ja Latviassa. Jos haluat tiet\u00e4\u00e4 vankilaty\u00f6st\u00e4 lis\u00e4\u00e4 voit olla yhteydess\u00e4 vankilaevankelista Seppo Peltom\u00e4keen \u00a0040 548 5884<\/p>\n","protected":false},"excerpt":{"rendered":"<p>Seurakuntamme tekee vankilaty\u00f6t\u00e4 kotimaassa ja Latviassa. Jos haluat tiet\u00e4\u00e4 vankilaty\u00f6st\u00e4 lis\u00e4\u00e4 voit olla yhteydess\u00e4 vankilaevankelista Seppo Peltom\u00e4keen \u00a0040 548 5884<\/p>\n","protected":false},"author":10,"featured_media":0,"parent":0,"menu_order":0,"comment_status":"closed","ping_status":"closed","template":"","meta":{"_monsterinsights_skip_tracking":false,"_monsterinsights_sitenote_active":false,"_monsterinsights_sitenote_note":"","_monsterinsights_sitenote_category":0,"footnotes":""},"class_list":["post-3177","page","type-page","status-publish","hentry"],"yoast_head":"<!-- This site is optimized with the Yoast SEO plugin v25.9 - https:\/\/yoast.com\/wordpress\/plugins\/seo\/ -->\n<title>Vankilaty\u00f6 - Eelim<\/title>\n<meta name=\"robots\" content=\"index, follow, max-snippet:-1, max-image-preview:large, max-video-preview:-1\" \/>\n<link rel=\"canonical\" href=\"https:\/\/eelim.fi\/index.php\/vankilatyo\/\" \/>\n<meta property=\"og:locale\" content=\"fi_FI\" \/>\n<meta property=\"og:type\" content=\"article\" \/>\n<meta property=\"og:title\" content=\"Vankilaty\u00f6 - Eelim\" \/>\n<meta property=\"og:description\" content=\"Seurakuntamme tekee vankilaty\u00f6t\u00e4 kotimaassa ja Latviassa. Jos haluat tiet\u00e4\u00e4 vankilaty\u00f6st\u00e4 lis\u00e4\u00e4 voit olla yhteydess\u00e4 vankilaevankelista Seppo Peltom\u00e4keen \u00a0040 548 5884\" \/>\n<meta property=\"og:url\" content=\"https:\/\/eelim.fi\/index.php\/vankilatyo\/\" \/>\n<meta property=\"og:site_name\" content=\"Eelim\" \/>\n<meta name=\"twitter:card\" content=\"summary_large_image\" \/>\n<script type=\"application\/ld+json\" class=\"yoast-schema-graph\">{\"@context\":\"https:\/\/schema.org\",\"@graph\":[{\"@type\":\"WebPage\",\"@id\":\"https:\/\/eelim.fi\/index.php\/vankilatyo\/\",\"url\":\"https:\/\/eelim.fi\/index.php\/vankilatyo\/\",\"name\":\"Vankilaty\u00f6 - Eelim\",\"isPartOf\":{\"@id\":\"https:\/\/eelim.fi\/#website\"},\"datePublished\":\"2024-12-03T10:11:11+00:00\",\"breadcrumb\":{\"@id\":\"https:\/\/eelim.fi\/index.php\/vankilatyo\/#breadcrumb\"},\"inLanguage\":\"fi\",\"potentialAction\":[{\"@type\":\"ReadAction\",\"target\":[\"https:\/\/eelim.fi\/index.php\/vankilatyo\/\"]}]},{\"@type\":\"BreadcrumbList\",\"@id\":\"https:\/\/eelim.fi\/index.php\/vankilatyo\/#breadcrumb\",\"itemListElement\":[{\"@type\":\"ListItem\",\"position\":1,\"name\":\"Home\",\"item\":\"https:\/\/eelim.fi\/\"},{\"@type\":\"ListItem\",\"position\":2,\"name\":\"Vankilaty\u00f6\"}]},{\"@type\":\"WebSite\",\"@id\":\"https:\/\/eelim.fi\/#website\",\"url\":\"https:\/\/eelim.fi\/\",\"name\":\"Eelim\",\"description\":\"Kangasniemen helluntaiseurakunta\",\"potentialAction\":[{\"@type\":\"SearchAction\",\"target\":{\"@type\":\"EntryPoint\",\"urlTemplate\":\"https:\/\/eelim.fi\/?s={search_term_string}\"},\"query-input\":{\"@type\":\"PropertyValueSpecification\",\"valueRequired\":true,\"valueName\":\"search_term_string\"}}],\"inLanguage\":\"fi\"}]}<\/script>\n<!-- \/ Yoast SEO plugin. -->","yoast_head_json":{"title":"Vankilaty\u00f6 - Eelim","robots":{"index":"index","follow":"follow","max-snippet":"max-snippet:-1","max-image-preview":"max-image-preview:large","max-video-preview":"max-video-preview:-1"},"canonical":"https:\/\/eelim.fi\/index.php\/vankilatyo\/","og_locale":"fi_FI","og_type":"article","og_title":"Vankilaty\u00f6 - Eelim","og_description":"Seurakuntamme tekee vankilaty\u00f6t\u00e4 kotimaassa ja Latviassa. Jos haluat tiet\u00e4\u00e4 vankilaty\u00f6st\u00e4 lis\u00e4\u00e4 voit olla yhteydess\u00e4 vankilaevankelista Seppo Peltom\u00e4keen \u00a0040 548 5884","og_url":"https:\/\/eelim.fi\/index.php\/vankilatyo\/","og_site_name":"Eelim","twitter_card":"summary_large_image","schema":{"@context":"https:\/\/schema.org","@graph":[{"@type":"WebPage","@id":"https:\/\/eelim.fi\/index.php\/vankilatyo\/","url":"https:\/\/eelim.fi\/index.php\/vankilatyo\/","name":"Vankilaty\u00f6 - Eelim","isPartOf":{"@id":"https:\/\/eelim.fi\/#website"},"datePublished":"2024-12-03T10:11:11+00:00","breadcrumb":{"@id":"https:\/\/eelim.fi\/index.php\/vankilatyo\/#breadcrumb"},"inLanguage":"fi","potentialAction":[{"@type":"ReadAction","target":["https:\/\/eelim.fi\/index.php\/vankilatyo\/"]}]},{"@type":"BreadcrumbList","@id":"https:\/\/eelim.fi\/index.php\/vankilatyo\/#breadcrumb","itemListElement":[{"@type":"ListItem","position":1,"name":"Home","item":"https:\/\/eelim.fi\/"},{"@type":"ListItem","position":2,"name":"Vankilaty\u00f6"}]},{"@type":"WebSite","@id":"https:\/\/eelim.fi\/#website","url":"https:\/\/eelim.fi\/","name":"Eelim","description":"Kangasniemen helluntaiseurakunta","potentialAction":[{"@type":"SearchAction","target":{"@type":"EntryPoint","urlTemplate":"https:\/\/eelim.fi\/?s={search_term_string}"},"query-input":{"@type":"PropertyValueSpecification","valueRequired":true,"valueName":"search_term_string"}}],"inLanguage":"fi"}]}},"_links":{"self":[{"href":"https:\/\/eelim.fi\/index.php\/wp-json\/wp\/v2\/pages\/3177","targetHints":{"allow":["GET"]}}],"collection":[{"href":"https:\/\/eelim.fi\/index.php\/wp-json\/wp\/v2\/pages"}],"about":[{"href":"https:\/\/eelim.fi\/index.php\/wp-json\/wp\/v2\/types\/page"}],"author":[{"embeddable":true,"href":"https:\/\/eelim.fi\/index.php\/wp-json\/wp\/v2\/users\/10"}],"replies":[{"embeddable":true,"href":"https:\/\/eelim.fi\/index.php\/wp-json\/wp\/v2\/comments?post=3177"}],"version-history":[{"count":1,"href":"https:\/\/eelim.fi\/index.php\/wp-json\/wp\/v2\/pages\/3177\/revisions"}],"predecessor-version":[{"id":3179,"href":"https:\/\/eelim.fi\/index.php\/wp-json\/wp\/v2\/pages\/3177\/revisions\/3179"}],"wp:attachment":[{"href":"https:\/\/eelim.fi\/index.php\/wp-json\/wp\/v2\/media?parent=3177"}],"curies":[{"name":"wp","href":"https:\/\/api.w.org\/{rel}","templated":true}]}}