{"id":263,"date":"2018-07-24T09:45:36","date_gmt":"2018-07-24T06:45:36","guid":{"rendered":"http:\/\/eelim.fi\/?page_id=263"},"modified":"2025-10-26T16:42:10","modified_gmt":"2025-10-26T14:42:10","slug":"lapset","status":"publish","type":"page","link":"https:\/\/eelim.fi\/index.php\/lapset\/","title":{"rendered":"Lapset"},"content":{"rendered":"<p><img loading=\"lazy\" decoding=\"async\" class=\"alignnone size-large wp-image-3518\" src=\"https:\/\/eelim.fi\/wp-content\/uploads\/2025\/10\/Frendi-kerho-724x1024.png\" alt=\"\" width=\"525\" height=\"743\" srcset=\"https:\/\/eelim.fi\/wp-content\/uploads\/2025\/10\/Frendi-kerho-724x1024.png 724w, https:\/\/eelim.fi\/wp-content\/uploads\/2025\/10\/Frendi-kerho-212x300.png 212w, https:\/\/eelim.fi\/wp-content\/uploads\/2025\/10\/Frendi-kerho-768x1086.png 768w, https:\/\/eelim.fi\/wp-content\/uploads\/2025\/10\/Frendi-kerho-1086x1536.png 1086w, https:\/\/eelim.fi\/wp-content\/uploads\/2025\/10\/Frendi-kerho-1448x2048.png 1448w, https:\/\/eelim.fi\/wp-content\/uploads\/2025\/10\/Frendi-kerho.png 1587w\" sizes=\"auto, (max-width: 525px) 100vw, 525px\" \/><\/p>\n<p>T\u00e4ll\u00e4 hetkell\u00e4 s\u00e4\u00e4nn\u00f6llisin lapsille j\u00e4rjest\u00e4m\u00e4mme toiminta on Frendikerho. Kerhosta l\u00f6ytyy l\u00e4ksynurkka, askartelua ja erilaisia pelej\u00e4. Siell\u00e4 on my\u00f6s lyhyt hartaushetki ja v\u00e4lipalaa. Sinne on hyv\u00e4 tulla viett\u00e4m\u00e4\u00e4n aikaa koulup\u00e4iv\u00e4n j\u00e4lkeen (kerhoon voi tulla aloitusaikaa my\u00f6hemmin, jos koulup\u00e4iv\u00e4 loppuu my\u00f6hemmin). Frendikerhoon ovat tervetulleita kaikki alakoululaiset (1-6-luokkalaiset). Frendikerho on auki torstaisin klo 13:30-17:00 osoitteessa Keskustie 2 (Veikon Koneen vieress\u00e4)<\/p>\n<p>Pismiss\u00e4 olemme j\u00e4rjest\u00e4neet lapsille kes\u00e4leirej\u00e4 ja 50-vuoden ajan ja niiden j\u00e4rjest\u00e4minen jatkuu edelleen. Leirille ilmoittautuminen aukeaa loppukev\u00e4\u00e4st\u00e4.<\/p>\n<p>Aloitimme syksyll\u00e4 2024 my\u00f6s Kids action tapahtumat Kansis-keskuksessa, joihin ovat tervetulleita kaikki 6-luokkalaiset ja sit\u00e4 nuoremmat lapset ja heid\u00e4n vanhempansa. Kids j\u00e4rjestet\u00e4\u00e4n kahdesti vuodessa, kerran kev\u00e4\u00e4ll\u00e4 ja toisen kerran syksyll\u00e4. Tarkempi ajankohta l\u00f6ytyy <a href=\"http:\/\/eelim.fi\/index.php\/tapahtumat\/\">tapahtumakalenterista<\/a>.<\/p>\n<p><img loading=\"lazy\" decoding=\"async\" class=\"alignnone size-medium wp-image-3187\" src=\"https:\/\/eelim.fi\/wp-content\/uploads\/2024\/12\/Kuva-3.12.2024-klo-12.37-300x225.jpeg\" alt=\"\" width=\"300\" height=\"225\" srcset=\"https:\/\/eelim.fi\/wp-content\/uploads\/2024\/12\/Kuva-3.12.2024-klo-12.37-300x225.jpeg 300w, https:\/\/eelim.fi\/wp-content\/uploads\/2024\/12\/Kuva-3.12.2024-klo-12.37-1024x768.jpeg 1024w, https:\/\/eelim.fi\/wp-content\/uploads\/2024\/12\/Kuva-3.12.2024-klo-12.37-768x576.jpeg 768w, https:\/\/eelim.fi\/wp-content\/uploads\/2024\/12\/Kuva-3.12.2024-klo-12.37.jpeg 1056w\" sizes=\"auto, (max-width: 300px) 100vw, 300px\" \/><\/p>\n<p>&nbsp;<\/p>\n<p>Kouluissa olemme mukana tarjoamalla kouluihin erilaisia ajankohtaisia tuntiteemoja opetuksen tueksi. Voit k\u00e4yd\u00e4 tutustumassa kouluty\u00f6h\u00f6mme osoitteessa:<\/p>\n<p><a href=\"http:\/\/www.hkopa.fi\">www.hkopa.fi<\/a><\/p>\n<p><strong>&#8221;Sallikaa lasten tulla minun tyk\u00f6ni, \u00e4lk\u00e4\u00e4 est\u00e4k\u00f6 heit\u00e4.&#8221; -Jeesus<\/strong><strong>\u00a0<\/strong><\/p>\n","protected":false},"excerpt":{"rendered":"<p>T\u00e4ll\u00e4 hetkell\u00e4 s\u00e4\u00e4nn\u00f6llisin lapsille j\u00e4rjest\u00e4m\u00e4mme toiminta on Frendikerho. Kerhosta l\u00f6ytyy l\u00e4ksynurkka, askartelua ja erilaisia pelej\u00e4. Siell\u00e4 on my\u00f6s lyhyt hartaushetki ja v\u00e4lipalaa. Sinne on hyv\u00e4 tulla viett\u00e4m\u00e4\u00e4n aikaa koulup\u00e4iv\u00e4n j\u00e4lkeen &hellip; <\/p>\n<p class=\"link-more\"><a href=\"https:\/\/eelim.fi\/index.php\/lapset\/\" class=\"more-link\">Jatka lukemista<span class=\"screen-reader-text\"> &#8221;Lapset&#8221;<\/span><\/a><\/p>\n","protected":false},"author":7,"featured_media":140,"parent":0,"menu_order":0,"comment_status":"closed","ping_status":"closed","template":"","meta":{"_monsterinsights_skip_tracking":false,"_monsterinsights_sitenote_active":false,"_monsterinsights_sitenote_note":"","_monsterinsights_sitenote_category":0,"footnotes":""},"class_list":["post-263","page","type-page","status-publish","has-post-thumbnail","hentry"],"yoast_head":"<!-- This site is optimized with the Yoast SEO plugin v25.9 - https:\/\/yoast.com\/wordpress\/plugins\/seo\/ -->\n<title>Lapset - Eelim<\/title>\n<meta name=\"robots\" content=\"index, follow, max-snippet:-1, max-image-preview:large, max-video-preview:-1\" \/>\n<link rel=\"canonical\" href=\"https:\/\/eelim.fi\/index.php\/lapset\/\" \/>\n<meta property=\"og:locale\" content=\"fi_FI\" \/>\n<meta property=\"og:type\" content=\"article\" \/>\n<meta property=\"og:title\" content=\"Lapset - Eelim\" \/>\n<meta property=\"og:description\" content=\"T\u00e4ll\u00e4 hetkell\u00e4 s\u00e4\u00e4nn\u00f6llisin lapsille j\u00e4rjest\u00e4m\u00e4mme toiminta on Frendikerho. Kerhosta l\u00f6ytyy l\u00e4ksynurkka, askartelua ja erilaisia pelej\u00e4. Siell\u00e4 on my\u00f6s lyhyt hartaushetki ja v\u00e4lipalaa. Sinne on hyv\u00e4 tulla viett\u00e4m\u00e4\u00e4n aikaa koulup\u00e4iv\u00e4n j\u00e4lkeen &hellip; Jatka lukemista &quot;Lapset&quot;\" \/>\n<meta property=\"og:url\" content=\"https:\/\/eelim.fi\/index.php\/lapset\/\" \/>\n<meta property=\"og:site_name\" content=\"Eelim\" \/>\n<meta property=\"article:modified_time\" content=\"2025-10-26T14:42:10+00:00\" \/>\n<meta property=\"og:image\" content=\"https:\/\/eelim.fi\/wp-content\/uploads\/2018\/05\/DSC_0942-1024x678.jpg\" \/>\n\t<meta property=\"og:image:width\" content=\"1024\" \/>\n\t<meta property=\"og:image:height\" content=\"678\" \/>\n\t<meta property=\"og:image:type\" content=\"image\/jpeg\" \/>\n<meta name=\"twitter:card\" content=\"summary_large_image\" \/>\n<meta name=\"twitter:label1\" content=\"Arvioitu lukuaika\" \/>\n\t<meta name=\"twitter:data1\" content=\"2 minuuttia\" \/>\n<script type=\"application\/ld+json\" class=\"yoast-schema-graph\">{\"@context\":\"https:\/\/schema.org\",\"@graph\":[{\"@type\":\"WebPage\",\"@id\":\"https:\/\/eelim.fi\/index.php\/lapset\/\",\"url\":\"https:\/\/eelim.fi\/index.php\/lapset\/\",\"name\":\"Lapset - Eelim\",\"isPartOf\":{\"@id\":\"https:\/\/eelim.fi\/#website\"},\"primaryImageOfPage\":{\"@id\":\"https:\/\/eelim.fi\/index.php\/lapset\/#primaryimage\"},\"image\":{\"@id\":\"https:\/\/eelim.fi\/index.php\/lapset\/#primaryimage\"},\"thumbnailUrl\":\"https:\/\/eelim.fi\/wp-content\/uploads\/2018\/05\/DSC_0942.jpg\",\"datePublished\":\"2018-07-24T06:45:36+00:00\",\"dateModified\":\"2025-10-26T14:42:10+00:00\",\"breadcrumb\":{\"@id\":\"https:\/\/eelim.fi\/index.php\/lapset\/#breadcrumb\"},\"inLanguage\":\"fi\",\"potentialAction\":[{\"@type\":\"ReadAction\",\"target\":[\"https:\/\/eelim.fi\/index.php\/lapset\/\"]}]},{\"@type\":\"ImageObject\",\"inLanguage\":\"fi\",\"@id\":\"https:\/\/eelim.fi\/index.php\/lapset\/#primaryimage\",\"url\":\"https:\/\/eelim.fi\/wp-content\/uploads\/2018\/05\/DSC_0942.jpg\",\"contentUrl\":\"https:\/\/eelim.fi\/wp-content\/uploads\/2018\/05\/DSC_0942.jpg\",\"width\":4928,\"height\":3264},{\"@type\":\"BreadcrumbList\",\"@id\":\"https:\/\/eelim.fi\/index.php\/lapset\/#breadcrumb\",\"itemListElement\":[{\"@type\":\"ListItem\",\"position\":1,\"name\":\"Home\",\"item\":\"https:\/\/eelim.fi\/\"},{\"@type\":\"ListItem\",\"position\":2,\"name\":\"Lapset\"}]},{\"@type\":\"WebSite\",\"@id\":\"https:\/\/eelim.fi\/#website\",\"url\":\"https:\/\/eelim.fi\/\",\"name\":\"Eelim\",\"description\":\"Kangasniemen helluntaiseurakunta\",\"potentialAction\":[{\"@type\":\"SearchAction\",\"target\":{\"@type\":\"EntryPoint\",\"urlTemplate\":\"https:\/\/eelim.fi\/?s={search_term_string}\"},\"query-input\":{\"@type\":\"PropertyValueSpecification\",\"valueRequired\":true,\"valueName\":\"search_term_string\"}}],\"inLanguage\":\"fi\"}]}<\/script>\n<!-- \/ Yoast SEO plugin. -->","yoast_head_json":{"title":"Lapset - Eelim","robots":{"index":"index","follow":"follow","max-snippet":"max-snippet:-1","max-image-preview":"max-image-preview:large","max-video-preview":"max-video-preview:-1"},"canonical":"https:\/\/eelim.fi\/index.php\/lapset\/","og_locale":"fi_FI","og_type":"article","og_title":"Lapset - Eelim","og_description":"T\u00e4ll\u00e4 hetkell\u00e4 s\u00e4\u00e4nn\u00f6llisin lapsille j\u00e4rjest\u00e4m\u00e4mme toiminta on Frendikerho. Kerhosta l\u00f6ytyy l\u00e4ksynurkka, askartelua ja erilaisia pelej\u00e4. Siell\u00e4 on my\u00f6s lyhyt hartaushetki ja v\u00e4lipalaa. Sinne on hyv\u00e4 tulla viett\u00e4m\u00e4\u00e4n aikaa koulup\u00e4iv\u00e4n j\u00e4lkeen &hellip; Jatka lukemista \"Lapset\"","og_url":"https:\/\/eelim.fi\/index.php\/lapset\/","og_site_name":"Eelim","article_modified_time":"2025-10-26T14:42:10+00:00","og_image":[{"width":1024,"height":678,"url":"https:\/\/eelim.fi\/wp-content\/uploads\/2018\/05\/DSC_0942-1024x678.jpg","type":"image\/jpeg"}],"twitter_card":"summary_large_image","twitter_misc":{"Arvioitu lukuaika":"2 minuuttia"},"schema":{"@context":"https:\/\/schema.org","@graph":[{"@type":"WebPage","@id":"https:\/\/eelim.fi\/index.php\/lapset\/","url":"https:\/\/eelim.fi\/index.php\/lapset\/","name":"Lapset - Eelim","isPartOf":{"@id":"https:\/\/eelim.fi\/#website"},"primaryImageOfPage":{"@id":"https:\/\/eelim.fi\/index.php\/lapset\/#primaryimage"},"image":{"@id":"https:\/\/eelim.fi\/index.php\/lapset\/#primaryimage"},"thumbnailUrl":"https:\/\/eelim.fi\/wp-content\/uploads\/2018\/05\/DSC_0942.jpg","datePublished":"2018-07-24T06:45:36+00:00","dateModified":"2025-10-26T14:42:10+00:00","breadcrumb":{"@id":"https:\/\/eelim.fi\/index.php\/lapset\/#breadcrumb"},"inLanguage":"fi","potentialAction":[{"@type":"ReadAction","target":["https:\/\/eelim.fi\/index.php\/lapset\/"]}]},{"@type":"ImageObject","inLanguage":"fi","@id":"https:\/\/eelim.fi\/index.php\/lapset\/#primaryimage","url":"https:\/\/eelim.fi\/wp-content\/uploads\/2018\/05\/DSC_0942.jpg","contentUrl":"https:\/\/eelim.fi\/wp-content\/uploads\/2018\/05\/DSC_0942.jpg","width":4928,"height":3264},{"@type":"BreadcrumbList","@id":"https:\/\/eelim.fi\/index.php\/lapset\/#breadcrumb","itemListElement":[{"@type":"ListItem","position":1,"name":"Home","item":"https:\/\/eelim.fi\/"},{"@type":"ListItem","position":2,"name":"Lapset"}]},{"@type":"WebSite","@id":"https:\/\/eelim.fi\/#website","url":"https:\/\/eelim.fi\/","name":"Eelim","description":"Kangasniemen helluntaiseurakunta","potentialAction":[{"@type":"SearchAction","target":{"@type":"EntryPoint","urlTemplate":"https:\/\/eelim.fi\/?s={search_term_string}"},"query-input":{"@type":"PropertyValueSpecification","valueRequired":true,"valueName":"search_term_string"}}],"inLanguage":"fi"}]}},"_links":{"self":[{"href":"https:\/\/eelim.fi\/index.php\/wp-json\/wp\/v2\/pages\/263","targetHints":{"allow":["GET"]}}],"collection":[{"href":"https:\/\/eelim.fi\/index.php\/wp-json\/wp\/v2\/pages"}],"about":[{"href":"https:\/\/eelim.fi\/index.php\/wp-json\/wp\/v2\/types\/page"}],"author":[{"embeddable":true,"href":"https:\/\/eelim.fi\/index.php\/wp-json\/wp\/v2\/users\/7"}],"replies":[{"embeddable":true,"href":"https:\/\/eelim.fi\/index.php\/wp-json\/wp\/v2\/comments?post=263"}],"version-history":[{"count":23,"href":"https:\/\/eelim.fi\/index.php\/wp-json\/wp\/v2\/pages\/263\/revisions"}],"predecessor-version":[{"id":3522,"href":"https:\/\/eelim.fi\/index.php\/wp-json\/wp\/v2\/pages\/263\/revisions\/3522"}],"wp:featuredmedia":[{"embeddable":true,"href":"https:\/\/eelim.fi\/index.php\/wp-json\/wp\/v2\/media\/140"}],"wp:attachment":[{"href":"https:\/\/eelim.fi\/index.php\/wp-json\/wp\/v2\/media?parent=263"}],"curies":[{"name":"wp","href":"https:\/\/api.w.org\/{rel}","templated":true}]}}